the remainder when 8984 is divided by 40?
24
Calculate the remainder when 26508 is divided by 8.
4
Calculate the remainder when 46152 is divided by 471.
465
Calculate the remainder when 12061 is divided by 753.
13
Calculate the remainder when 1590 is divided by 55.
50
What is the remainder when 688 is divided by 584?
104
What is the remainder when 1459 is divided by 232?
67
Calculate the remainder when 32716 is divided by 711.
10
What is the remainder when 10993 is divided by 414?
229
Calculate the remainder when 1986 is divided by 144.
114
What is the remainder when 65334 is divided by 365?
364
Calculate the remainder when 436419 is divided by 145459.
42
What is the remainder when 1832 is divided by 452?
24
What is the remainder when 4550 is divided by 163?
149
What is the remainder when 344706 is divided by 278?
264
What is the remainder when 371593 is divided by 21?
19
Calculate the remainder when 2780 is divided by 2136.
644
Calculate the remainder when 1496872 is divided by 317.
315
What is the remainder when 2713 is divided by 686?
655
What is the remainder when 1618 is divided by 807?
4
What is the remainder when 2839 is divided by 685?
99
What is the remainder when 257739 is divided by 712?
707
What is the remainder when 19528 is divided by 122?
8
Calculate the remainder when 17289 is divided by 180.
9
Calculate the remainder when 54486 is divided by 19.
13
What is the remainder when 3487 is divided by 630?
337
Calculate the remainder when 1526 is divided by 433.
227
What is the remainder when 28543 is divided by 277?
12
What is the remainder when 655 is divided by 554?
101
What is the remainder when 76271 is divided by 15?
11
What is the remainder when 1258 is divided by 1138?
120
What is the remainder when 31660 is divided by 74?
62
Calculate the remainder when 1245107 is divided by 306.
299
What is the remainder when 168288 is divided by 174?
30
Calculate the remainder when 3236 is divided by 936.
428
What is the remainder when 771622 is divided by 5?
2
Calculate the remainder when 3226 is divided by 1525.
176
What is the remainder when 17473 is divided by 564?
553
Calculate the remainder when 1740 is divided by 787.
166
What is the remainder when 342073 is divided by 51?
16
What is the remainder when 952 is divided by 245?
217
What is the remainder when 50701 is divided by 45?
31
Calculate the remainder when 32049 is divided by 94.
89
Calculate the remainder when 102359 is divided by 167.
155
What is the remainder when 14486 is divided by 353?
13
Calculate the remainder when 29284 is divided by 14640.
4
Calculate the remainder when 343582 is divided by 410.
2
Calculate the remainder when 1255880 is divided by 113.
111
What is the remainder when 25652 is divided by 31?
15
What is the remainder when 2944348 is divided by 8?
4
Calculate the remainder when 98289 is divided by 12285.
9
What is the remainder when 5088 is divided by 268?
264
What is the remainder when 1984 is divided by 740?
504
What is the remainder when 17087 is divided by 1138?
17
Calculate the remainder when 14966586 is divided by 26.
24
What is the remainder when 7028 is divided by 108?
8
What is the remainder when 67597 is divided by 87?
85
Calculate the remainder when 112413 is divided by 12489.
12
What is the remainder when 71050 is divided by 23678?
16
What is the remainder when 13239 is divided by 13237?
2
Calculate the remainder when 72146 is divided by 116.
110
What is the remainder when 236861 is divided by 471?
419
What is the remainder when 18827 is divided by 115?
82
What is the remainder when 9129 is divided by 20?
9
What is the remainder when 23300 is divided by 25?
0
What is the remainder when 73078 is divided by 761?
22
Calculate the remainder when 88802 is divided by 123.
119
Calculate the remainder when 81873 is divided by 4810.
103
Calculate the remainder when 11310 is divided by 807.
12
Calculate the remainder when 2557554 is divided by 91.
90
Calculate the remainder when 2600 is divided by 800.
200
Calculate the remainder when 155152 is divided by 55.
52
Calculate the remainder when 1604305 is divided by 1009.
1004
Calculate the remainder when 10005 is divided by 2.
1
What is the remainder when 4803 is divided by 960?
3
What is the remainder when 578 is divided by 186?
20
What is the remainder when 99749 is divided by 241?
216
What is the remainder when 1535620 is divided by 1875?
1870
Calculate the remainder when 1806 is divided by 8.
6
Calculate the remainder when 30901 is divided by 2205.
31
What is the remainder when 2075 is divided by 1126?
949
Calculate the remainder when 1835 is divided by 1217.
618
Calculate the remainder when 8739 is divided by 2897.
48
What is the remainder when 3783 is divided by 3601?
182
What is the remainder when 89706 is divided by 51?
48
Calculate the remainder when 1079116 is divided by 280.
276
Calculate the remainder when 1411416 is divided by 405.
396
Calculate the remainder when 9707 is divided by 879.
38
Calculate the remainder when 30300 is divided by 1730.
890
What is the remainder when 17494 is divided by 27?
25
What is the remainder when 4023 is divided by 399?
33
What is the remainder when 28662 is divided by 55?
7
Calculate the remainder when 3064 is divided by 92.
28
Calculate the remainder when 54332 is divided by 173.
10
What is the remainder when 198830 is divided by 299?
294
Calculate the remainder when 17108 is divided by 12.
8
What is the remainder when 783700 is divided by 8?
4
What is the remainder when 8331 is divided by 8265?
66
Calculate the remainder when 4040 is divided by 6.
2
What is the remainder when 52689 is divided by 55?
54
What is the remainder when 6664 is divided by 162?
22
Calculate the remainder when 33115 is divided by 134.
17
Calculate the remainder when 12614 is divided by 194.
4
Calculate the remainder when 25436 is divided by 46.
44
What is the remainder when 128922 is divided by 9?
6
What is the remainder when 1439589 is divided by 861?
858
Calculate the remainder when 19851747 is divided by 375.
372
Calculate the remainder when 234555 is divided by 67.
55
Calculate the remainder when 6566 is divided by 67.
0
What is the remainder when 134634 is divided by 204?
198
Calculate the remainder when 43215 is divided by 18.
15
Calculate the remainder when 98 is divided by 98.
0
Calculate the remainder when 1112547 is divided by 55627.
7
Calculate the remainder when 4584 is divided by 1269.
777
Calculate the remainder when 302794 is divided by 302782.
12
Calculate the remainder when 31451 is divided by 533.
4
What is the remainder when 38231 is divided by 792?
215
What is the remainder when 26955 is divided by 391?
367
What is the remainder when 14689 is divided by 28?
17
What is the remainder when 49507 is divided by 272?
3
Calculate the remainder when 86371 is divided by 86367.
4
What is the remainder when 428 is divided by 242?
186
Calculate the remainder when 53451 is divided by 46.
45
Calculate the remainder when 13163 is divided by 46.
7
Calculate the remainder when 3535 is divided by 26.
25
Calculate the remainder when 23544 is divided by 1292.
288
What is the remainder when 12625 is divided by 61?
59
What is the remainder when 170083 is divided by 252?
235
What is the remainder when 105069 is divided by 52513?
43
Calculate the remainder when 22079 is divided by 120.
119
Calculate the remainder when 80783 is divided by 406.
395
Calculate the remainder when 38021 is divided by 594.
5
What is the remainder when 2356 is divided by 214?
2
Calculate the remainder when 3275 is divided by 365.
355
What is the remainder when 321 is divided by 249?
72
What is the remainder when 728617 is divided by 452?
445
Calculate the remainder when 3976542 is divided by 242.
240
Calculate the remainder when 61813 is divided by 65.
63
What is the remainder when 64820 is divided by 523?
491
What is the remainder when 4162 is divided by 1366?
64
Calculate the remainder when 93605 is divided by 235.
75
What is the remainder when 989433 is divided by 109937?
0
Calculate the remainder when 2101 is divided by 11.
0
What is the remainder when 14155 is divided by 212?
163
What is the remainder when 7464499 is divided by 297?
295
What is the remainder when 27761 is divided by 9242?
35
What is the re